{"id":1282,"date":"2020-04-16T20:35:10","date_gmt":"2020-04-16T20:35:10","guid":{"rendered":"http:\/\/www.cnc-projekt.cz\/?page_id=1282"},"modified":"2020-04-16T20:35:10","modified_gmt":"2020-04-16T20:35:10","slug":"condor-2a","status":"publish","type":"page","link":"https:\/\/www.cnc-projekt.cz\/?page_id=1282","title":{"rendered":"Condor 2A"},"content":{"rendered":"<p>&nbsp;<\/p>\n<p style=\"text-align: center;\"><a href=\"https:\/\/www.youtube.com\/watch?v=ttUBLjOD01Q&amp;feature=emb_logo\"><img loading=\"lazy\" class=\"size-full wp-image-1229 aligncenter\" src=\"http:\/\/www.cnc-projekt.cz\/wp-content\/uploads\/2020\/04\/jurado8.png\" alt=\"\" width=\"238\" height=\"243\" \/><span style=\"font-size: 24pt;\"><strong>Video stroje<\/strong><\/span><\/a><\/p>\n<p><span>Condor 2A je v\u00fdvoj na\u0161\u00ed p\u0159edchoz\u00ed stehov\u00e9 skl\u00e1dac\u00ed svorky Condor.\u00a0<\/span><span>Jedn\u00e1 se o stroj, kter\u00fd p\u016fsob\u00ed perforac\u00ed: \u0159ez\u00e1 plech na t\u0159ech stran\u00e1ch, \u010d\u00edm\u017e vytv\u00e1\u0159\u00ed p\u00e1s, kter\u00fd je slo\u017een na spodn\u00ed kovov\u00e9 desce.\u00a0<\/span><span>Ve srovn\u00e1n\u00ed s p\u0159edchoz\u00ed verz\u00ed byl Condor 2A navr\u017een se zvl\u00e1\u0161tn\u00edm tvarem, kter\u00fd umo\u017e\u0148uje jeho snadn\u00e9 pou\u017eit\u00ed p\u0159i v\u00fdrob\u011b vzduchov\u00fdch filtr\u016f pro vzduchov\u00e9 manipul\u00e1tory, ve skute\u010dnosti rozlo\u017een\u00e1 hlava vzhledem k t\u011blu svorky souhlas\u00ed s t\u00edm, aby vstoupil mezi kapsy filtru, nav\u00edc polom\u011br spojen\u00ed na p\u0159edn\u00ed hran\u011b umo\u017e\u0148uje snadn\u00e9 vlo\u017een\u00ed do konstrukc\u00ed k mont\u00e1\u017ei.\u00a0<\/span><span>Condor 2A si st\u00e1le zachov\u00e1v\u00e1 stejn\u00e9 vlastnosti jako p\u0159edchoz\u00ed verze, co\u017e m\u00e1 za n\u00e1sledek lehk\u00fd, praktick\u00fd, tich\u00fd a extr\u00e9mn\u011b snadno pou\u017eiteln\u00fd stroj.\u00a0<\/span><span>Je proto dobrou alternativou k bodov\u00e9mu sva\u0159ov\u00e1n\u00ed a n\u00fdtov\u00e1n\u00ed a je zvl\u00e1\u0161t\u011b doporu\u010dov\u00e1n pro spojen\u00ed extr\u00e9mn\u011b tenk\u00fdch plech\u016f.\u00a0<\/span><span>Oblasti pou\u017eit\u00ed Condor 2A jsou v\u00fdroby kovov\u00fdch desek v oblasti: vzduchov\u00fdch filtr\u016f, chlazen\u00ed, dom\u00e1c\u00edch spot\u0159ebi\u010d\u016f a d\u00edky sv\u00e9 v\u0161estrannosti lze pou\u017e\u00edt ve v\u0161ech p\u0159\u00edpadech, kdy je pot\u0159eba spojovat tenk\u00e9 plechy.<\/span><\/p>\n<ul>\n<li><span>Hmotnost svorky (v\u010detn\u011b dr\u017eadla) &#8211; 2,7 kg<\/span><\/li>\n<li><span>Celkov\u00e1 hmotnost spolu s posilova\u010dem &#8211; 11 kg<\/span><\/li>\n<li><span>Maxim\u00e1ln\u00ed tlak vzduchu &#8211; 4 bar<\/span><\/li>\n<li><span>Maxim\u00e1ln\u00ed hydraulick\u00fd tlak &#8211; 240 bar<\/span><\/li>\n<li><span>Tah &#8211; 18 kN<\/span><\/li>\n<li><span>Doba cyklu &#8211; 0,8 s<\/span><\/li>\n<li><span>Maxim\u00e1ln\u00ed celkov\u00e1 tlou\u0161\u0165ka plechu z m\u011bkk\u00e9 oceli &#8211; 1,6 mm<\/span><\/li>\n<li><span>Maxim\u00e1ln\u00ed celkov\u00e1 tlou\u0161\u0165ka plechu z nerezov\u00e9 oceli &#8211; 1,2 mm<\/span><\/li>\n<\/ul>\n","protected":false},"excerpt":{"rendered":"<p>&nbsp; Video stroje Condor 2A je v\u00fdvoj na\u0161\u00ed p\u0159edchoz\u00ed stehov\u00e9 skl\u00e1dac\u00ed svorky Condor.\u00a0Jedn\u00e1 se o stroj, kter\u00fd p\u016fsob\u00ed perforac\u00ed: \u0159ez\u00e1 plech na t\u0159ech stran\u00e1ch, \u010d\u00edm\u017e vytv\u00e1\u0159\u00ed p\u00e1s, kter\u00fd je slo\u017een&#8230;<\/p>\n","protected":false},"author":3,"featured_media":0,"parent":0,"menu_order":0,"comment_status":"closed","ping_status":"closed","template":"","meta":{"_mi_skip_tracking":false},"_links":{"self":[{"href":"https:\/\/www.cnc-projekt.cz\/index.php?rest_route=\/wp\/v2\/pages\/1282"}],"collection":[{"href":"https:\/\/www.cnc-projekt.cz\/index.php?rest_route=\/wp\/v2\/pages"}],"about":[{"href":"https:\/\/www.cnc-projekt.cz\/index.php?rest_route=\/wp\/v2\/types\/page"}],"author":[{"embeddable":true,"href":"https:\/\/www.cnc-projekt.cz\/index.php?rest_route=\/wp\/v2\/users\/3"}],"replies":[{"embeddable":true,"href":"https:\/\/www.cnc-projekt.cz\/index.php?rest_route=%2Fwp%2Fv2%2Fcomments&post=1282"}],"version-history":[{"count":1,"href":"https:\/\/www.cnc-projekt.cz\/index.php?rest_route=\/wp\/v2\/pages\/1282\/revisions"}],"predecessor-version":[{"id":1283,"href":"https:\/\/www.cnc-projekt.cz\/index.php?rest_route=\/wp\/v2\/pages\/1282\/revisions\/1283"}],"wp:attachment":[{"href":"https:\/\/www.cnc-projekt.cz\/index.php?rest_route=%2Fwp%2Fv2%2Fmedia&parent=1282"}],"curies":[{"name":"wp","href":"https:\/\/api.w.org\/{rel}","templated":true}]}}