{"id":374,"date":"2013-03-28T16:10:34","date_gmt":"2013-03-28T16:10:34","guid":{"rendered":"http:\/\/www.cnc-projekt.cz\/?page_id=374"},"modified":"2019-02-05T17:25:42","modified_gmt":"2019-02-05T17:25:42","slug":"kompakt-2000","status":"publish","type":"page","link":"https:\/\/www.cnc-projekt.cz\/?page_id=374","title":{"rendered":"KOMPAKT 2000"},"content":{"rendered":"<h1><a href=\"http:\/\/www.cnc-projekt.cz\/wp-content\/uploads\/2013\/03\/12.jpg\"><img loading=\"lazy\" class=\"alignnone  wp-image-46\" src=\"http:\/\/www.cnc-projekt.cz\/wp-content\/uploads\/2013\/03\/12.jpg\" alt=\"12\" width=\"481\" height=\"361\" srcset=\"https:\/\/www.cnc-projekt.cz\/wp-content\/uploads\/2013\/03\/12.jpg 1024w, https:\/\/www.cnc-projekt.cz\/wp-content\/uploads\/2013\/03\/12-300x225.jpg 300w\" sizes=\"(max-width: 481px) 100vw, 481px\" \/><\/a><\/h1>\n<p>Vysokorychlostn\u00ed, p\u0159esn\u00fd p\u00e1l\u00edc\u00ed stroj, pro \u0159ez tvarov\u00fdch v\u00fdpalk\u016f se snadnou instalac\u00ed. Stroj je koncipov\u00e1n do men\u0161\u00edch d\u00edlen s n\u00edzkon\u00e1kladovou v\u00fdrobou. Je pou\u017eiteln\u00fd pro v\u00fdrobu vzduchotechniky v kombinaci s automatick\u00fdm rozv\u00edje\u010dem svitkov\u00fdch plech\u016f. Umo\u017e\u0148uje pou\u017eit\u00ed mnoha typ\u016f plazmov\u00fdch ho\u0159\u00e1k\u016f a zdroj\u016f (<a href=\"http:\/\/www.formica.sk\/\">FORMICA<\/a>, <a href=\"http:\/\/www.hypertherm.com\/\">HYPERTHERM<\/a>, <a href=\"http:\/\/www.kjellberg.de\/\">KJELLBERG<\/a>, atd.)<\/p>\n<h1><strong><b>Z\u00e1kladn\u00ed vybaven\u00ed p\u00e1l\u00edc\u00edho stroje KOMPAKT 2000<\/b><\/strong><\/h1>\n<p>&#8211; Materi\u00e1lov\u00fd st\u016fl s centr\u00e1ln\u00edm ods\u00e1v\u00e1n\u00edm (minim\u00e1ln\u00ed rozm\u011br 2000x2000mm, d\u00e9lka voliteln\u00e1 do 3000mm)<br \/>\n&#8211; D\u00e1lkov\u00e1 mobiln\u00ed ovl\u00e1dac\u00ed konzole<br \/>\n&#8211; \u0160upl\u00edky pro snadn\u00fd odb\u011br okuj\u00ed a zbytk\u016f z p\u00e1len\u00ed<br \/>\n&#8211; Energetick\u00e9 \u0159et\u011bzy IGUS kryj\u00edc\u00ed kabel\u00e1\u017e stroje<br \/>\n&#8211; Pohon port\u00e1lu ve 4-os\u00e1ch (pohon zaji\u0161\u0165uj\u00ed servomotory)<br \/>\n&#8211; Pohon port\u00e1lu oboustrann\u00fd synchronizovan\u00fd<br \/>\n&#8211; Automatick\u00e1 stabilizace ho\u0159\u00e1ku nad p\u00e1len\u00fdm materi\u00e1lem<br \/>\n&#8211; Automatick\u00e9 po\u010d\u00e1te\u010dn\u00ed nastaven\u00ed v\u00fd\u0161ky plazmov\u00e9ho ho\u0159\u00e1ku (propichu)<br \/>\n&#8211; Automatick\u00e9 srovn\u00e1n\u00ed plechu (kompenzace \u00fachylky v programu)<br \/>\n&#8211; Vertik\u00e1ln\u00ed antikolizn\u00ed syst\u00e9m<br \/>\n&#8211; Signaliza\u010dn\u00ed dioda polohy ho\u0159\u00e1ku (dioda s ofsetem)<br \/>\n&#8211; S\u00ed\u0165ov\u00e1 LAN karta pro p\u0159ipojen\u00ed do firemn\u00ed s\u00edt\u011b nebo k internetu<br \/>\n&#8211; Syst\u00e9m dvouf\u00e1zov\u00e9ho propichu materi\u00e1lu<br \/>\n&#8211; Hl\u00edd\u00e1n\u00ed v\u00fd\u0161ky plazmov\u00e9ho ho\u0159\u00e1ku<\/p>\n<h1><strong><b>Voliten\u00e9 vybaven\u00ed p\u00e1l\u00edc\u00edho stroje KOMPAKT 2000<\/b><\/strong><\/h1>\n<p>&#8211; Mo\u017enost instalace materi\u00e1lov\u00e9ho stolu se sek\u010dn\u00edm ods\u00e1v\u00e1n\u00edm<br \/>\n&#8211; Mikro\u00faderov\u00e1 popisovac\u00ed jednotka<br \/>\n&#8211; P\u0159\u00eddavn\u00fd voz\u00edk na osu Z (druh\u00fd dr\u017e\u00e1k ho\u0159\u00e1ku)<br \/>\n&#8211; Internetov\u00e1 diagnostika<br \/>\n&#8211; Filtra\u010dn\u00ed a ods\u00e1vac\u00ed za\u0159\u00edzen\u00ed<br \/>\n&#8211; Kompresory a vymra\u017eova\u010dky vzduchu<br \/>\n&#8211; Programy pro tvorbu p\u00e1l\u00edc\u00edch pl\u00e1n\u016f<br \/>\n&#8211; Plasmov\u00fd zdroj vlastn\u00edho v\u00fdb\u011bru<\/p>\n<p><strong><b>\u00a0<\/b><\/strong><strong><b>Mo\u017enosti stroje<\/b><\/strong><\/p>\n<table>\n<tbody>\n<tr>\n<td width=\"355\">LINE\u00c1RN\u00cd VEDEN\u00cd<\/td>\n<td width=\"355\">HIWIN 30<\/td>\n<\/tr>\n<tr>\n<td width=\"355\">PROGRAM PRO P\u0158\u00cdPRAVU PL\u00c1N\u016e<\/td>\n<td width=\"355\"><a href=\"http:\/\/77.48.47.250\/\">Wrykrys<\/a><\/td>\n<\/tr>\n<tr>\n<td width=\"355\">SOFTWAROVE VYBAVEN\u00cd<\/td>\n<td width=\"355\">CutComp<\/td>\n<\/tr>\n<tr>\n<td width=\"355\">MAX PO\u010cET \u0158EZN\u00ddCH N\u00c1STROJ\u016e<\/td>\n<td width=\"355\">2+2 (2xplyn + 2xplazma)<\/td>\n<\/tr>\n<tr>\n<td width=\"355\">AUTOMATICK\u00c9 HL\u00cdD\u00c1N\u00cd V\u00dd\u0160KY<\/td>\n<td width=\"355\">Pro plazmu<\/td>\n<\/tr>\n<tr>\n<td width=\"355\">TABULKA NASTAVEN\u00cd STROJE<\/td>\n<td width=\"355\">Pro v\u0161echny parametry nastaven\u00ed<\/td>\n<\/tr>\n<tr>\n<td width=\"355\">SERVIS STROJE PO INTERNETU<\/td>\n<td width=\"355\">Vzd\u00e1len\u00e1 pomoc p\u0159i nastaven\u00ed a se\u0159\u00edzen\u00ed<\/td>\n<\/tr>\n<tr>\n<td width=\"355\">POPISOV\u00c1N\u00cd PLAZMOU<\/td>\n<td width=\"355\">Pro vybran\u00e9 agreg\u00e1ty<\/td>\n<\/tr>\n<tr>\n<td width=\"355\">DUL\u010c\u00cdKOV\u00c1N\u00cd PLAZMOU<\/td>\n<td width=\"355\">Pro vybran\u00e9 agreg\u00e1ty<\/td>\n<\/tr>\n<tr>\n<td width=\"355\">PROPICHOV\u00c1N\u00cd PLAZMOU<\/td>\n<td width=\"355\">Pro vybran\u00e9 agreg\u00e1ty<\/td>\n<\/tr>\n<tr>\n<td width=\"355\">P\u0158IPOJEN\u00cd STROJE DO S\u00cdT\u011a<\/td>\n<td width=\"355\">Standardn\u011b mo\u017enost propojen\u00ed do firemn\u00ed s\u00edt\u011b<\/td>\n<\/tr>\n<tr>\n<td width=\"355\">OBNOVEN\u00cd V\u00ddCHOZ\u00cdHO NASTAVEN\u00cd<\/td>\n<td width=\"355\">Zapsan\u00e9 posledn\u00ed nastaven\u00ed<\/td>\n<\/tr>\n<tr>\n<td width=\"355\">LASEROV\u00c9 UKAZOV\u00c1TKO POLOHY<\/td>\n<td width=\"355\">Pro snadn\u011bj\u0161\u00ed orientaci na plo\u0161e<\/td>\n<\/tr>\n<tr>\n<td width=\"355\">ELEKTRONICK\u00c1 \u00daHLOP\u0158\u00cd\u010cKA NA STROJI<\/td>\n<td width=\"355\">Pro servisn\u00ed nastaven\u00ed a periodickou kontrolu<\/td>\n<\/tr>\n<tr>\n<td width=\"355\">RU\u010cN\u00cd D\u011aLAN\u00cd ZBYTK\u016e PLECHU<\/td>\n<td width=\"355\">Pro snadn\u011bj\u0161\u00ed sn\u00edm\u00e1n\u00ed zbytk\u016f plechu<\/td>\n<\/tr>\n<tr>\n<td width=\"355\">NASTAVEN\u00cd 3 R\u016eZN\u00ddCH KOMPENZAC\u00cd<\/td>\n<td width=\"355\">Pro p\u0159esnost \u0159ez<\/td>\n<\/tr>\n<tr>\n<td width=\"355\">SN\u00cd\u017dEN\u00cd RYCHLOSTI P\u0158I P\u00c1LENI MAL\u00ddCH OTVOR\u016e<\/td>\n<td width=\"355\">Pro udr\u017een\u00ed tvaru a rozm\u011bru<\/td>\n<\/tr>\n<tr>\n<td width=\"355\">DRUH\u00c9 OVL\u00c1DAC\u00cd M\u00cdSTO NA PORT\u00c1LE<\/td>\n<td width=\"355\">Pro rozm\u011brn\u00e9 a dlouh\u00e9 stroje (snadn\u011bj\u0161\u00ed najet\u00ed na za\u010d\u00e1tek\u00a0plechu)<\/td>\n<\/tr>\n<tr>\n<td width=\"355\">D\u00c1LKOV\u00c9 OVL\u00c1D\u00c1N\u00cd DO RUKY<\/td>\n<td width=\"355\">Dopl\u0148kov\u00e9 vybaven\u00ed<\/td>\n<\/tr>\n<tr>\n<td width=\"355\">VKL\u00c1D\u00c1N\u00cd INFORMAC\u00cd DO STROJE<\/td>\n<td width=\"355\">2 X USB Port<\/td>\n<\/tr>\n<\/tbody>\n<\/table>\n<h2><strong><b>Ovl\u00e1dac\u00ed konzole<\/b><\/strong><\/h2>\n<p>D\u00e1lkov\u00e9 ovl\u00e1d\u00e1n\u00ed k nab\u00edzen\u00fdm port\u00e1l\u016fm se vyzna\u010duje jednoduchou obsluhou, kompaktn\u00edm proveden\u00edm, snadnou opravitelnost\u00ed a p\u0159\u00edkladnou odolnost\u00ed v\u016f\u010di prachu.<\/p>\n<h2><strong><b>Jednoduch\u00e1 obsluha:<\/b><\/strong><\/h2>\n<p>Konzole vyu\u017e\u00edv\u00e1 k ovl\u00e1d\u00e1n\u00ed syst\u00e9m Windows a to v aktu\u00e1ln\u00ed verzi 7. Ka\u017ed\u00fd, kdo zvl\u00e1dne z\u00e1klady ovl\u00e1d\u00e1n\u00ed syst\u00e9mu Windows, nebude m\u00edt sebemen\u0161\u00ed probl\u00e9m za\u010d\u00edt pracovat s na\u0161imi p\u00e1l\u00edc\u00edmi stroji. V\u0161echny d\u016fle\u017eit\u00e9 kontroln\u00ed syst\u00e9my a p\u0159ep\u00edna\u010de jsou vyvedeny na prav\u00e9m okraji konzole, tak aby byly okam\u017eit\u011b dostupn\u00e9.<\/p>\n<h2><strong><b>Kompaktn\u00ed proveden\u00ed:<\/b><\/strong><\/h2>\n<p>P\u0159i konstrukci konzole se kladl d\u016fraz na jej\u00ed rozm\u011bry a pohyblivost. Rozm\u011bry jsou cca. 500x500x1500mm. Pohyblivost je zaji\u0161t\u011bna kole\u010dky.<\/p>\n<h2><strong><b>Snadn\u00e1 opravitelnost:<\/b><\/strong><\/h2>\n<p>D\u00edky pou\u017eit\u00ed standardn\u00edch perif\u00e9ri\u00ed jako jsou my\u0161, kl\u00e1vesnice, CD\/DVD mechanika atd. nen\u00ed probl\u00e9m vym\u011bnit jakoukoliv po\u0161kozenou \u010d\u00e1st za novou. \u0160li jsme tak daleko, \u017ee si dokonce pou\u017eit\u00e9 perif\u00e9rie m\u016f\u017eete sami nakonfigurovat dle Va\u0161ich p\u0159edstav a po\u017eadavku.<\/p>\n<h2><strong><b>Odolnost v\u016f\u010di prachu:<\/b><\/strong><\/h2>\n<p>V\u0161echny d\u016fle\u017eit\u00e9 komponenty ovl\u00e1dac\u00ed konzole jsou ukryt\u00e9 v kost\u0159e konzole a zaizolov\u00e1ny, tak aby byly maxim\u00e1ln\u011b chr\u00e1n\u011bny proti v\u0161udyp\u0159\u00edtomn\u00e9mu prachu.<\/p>\n<p>Ve\u0161ker\u00e9 komponenty konzoly jsou uzav\u00edrateln\u00e9 a tak \u00fa\u010dinn\u011b chr\u00e1n\u011bny p\u0159ed v\u0161udyp\u0159\u00edtomn\u00fdm prachem!<\/p>\n<h1><a title=\"KOMPAKT 1000\" href=\"http:\/\/www.cnc-projekt.cz\/?page_id=326\">KOMPAKT 1000<\/a><\/h1>\n","protected":false},"excerpt":{"rendered":"<p>Vysokorychlostn\u00ed, p\u0159esn\u00fd p\u00e1l\u00edc\u00ed stroj, pro \u0159ez tvarov\u00fdch v\u00fdpalk\u016f se snadnou instalac\u00ed. Stroj je koncipov\u00e1n do men\u0161\u00edch d\u00edlen s n\u00edzkon\u00e1kladovou v\u00fdrobou. Je pou\u017eiteln\u00fd pro v\u00fdrobu vzduchotechniky v kombinaci s automatick\u00fdm rozv\u00edje\u010dem&#8230;<\/p>\n","protected":false},"author":2,"featured_media":0,"parent":0,"menu_order":0,"comment_status":"closed","ping_status":"open","template":"","meta":{"_mi_skip_tracking":false},"_links":{"self":[{"href":"https:\/\/www.cnc-projekt.cz\/index.php?rest_route=\/wp\/v2\/pages\/374"}],"collection":[{"href":"https:\/\/www.cnc-projekt.cz\/index.php?rest_route=\/wp\/v2\/pages"}],"about":[{"href":"https:\/\/www.cnc-projekt.cz\/index.php?rest_route=\/wp\/v2\/types\/page"}],"author":[{"embeddable":true,"href":"https:\/\/www.cnc-projekt.cz\/index.php?rest_route=\/wp\/v2\/users\/2"}],"replies":[{"embeddable":true,"href":"https:\/\/www.cnc-projekt.cz\/index.php?rest_route=%2Fwp%2Fv2%2Fcomments&post=374"}],"version-history":[{"count":11,"href":"https:\/\/www.cnc-projekt.cz\/index.php?rest_route=\/wp\/v2\/pages\/374\/revisions"}],"predecessor-version":[{"id":862,"href":"https:\/\/www.cnc-projekt.cz\/index.php?rest_route=\/wp\/v2\/pages\/374\/revisions\/862"}],"wp:attachment":[{"href":"https:\/\/www.cnc-projekt.cz\/index.php?rest_route=%2Fwp%2Fv2%2Fmedia&parent=374"}],"curies":[{"name":"wp","href":"https:\/\/api.w.org\/{rel}","templated":true}]}}